149
What is the remainder when 3105 is divided by 1546?
13
What is the remainder when 143758 is divided by 14373?
28
What is the remainder when 6708 is divided by 3144?
420
Calculate the remainder when 48479 is divided by 24.
23
Calculate the remainder when 2444 is divided by 2436.
8
What is the remainder when 138871 is divided by 163?
158
What is the remainder when 647677 is divided by 147?
142
Calculate the remainder when 6494 is divided by 56.
54
Calculate the remainder when 5528 is divided by 75.
53
What is the remainder when 429857 is divided by 44?
21
Calculate the remainder when 3187 is divided by 826.
709
Calculate the remainder when 191140 is divided by 82.
80
What is the remainder when 527947 is divided by 2?
1
Calculate the remainder when 101423 is divided by 1721.
1605
What is the remainder when 5560 is divided by 788?
44
What is the remainder when 46753 is divided by 107?
101
Calculate the remainder when 111135 is divided by 151.
150
Calculate the remainder when 2311711 is divided by 13.
12
What is the remainder when 439 is divided by 149?
141
What is the remainder when 79261 is divided by 26412?
25
Calculate the remainder when 12935 is divided by 6463.
9
Calculate the remainder when 114479 is divided by 262.
247
What is the remainder when 502437 is divided by 795?
792
Calculate the remainder when 50754 is divided by 10149.
9
Calculate the remainder when 12279 is divided by 231.
36
What is the remainder when 589 is divided by 19?
0
What is the remainder when 91877 is divided by 63?
23
Calculate the remainder when 3759 is divided by 624.
15
What is the remainder when 418174 is divided by 8534?
8
Calculate the remainder when 13766 is divided by 1960.
46
What is the remainder when 88403 is divided by 215?
38
Calculate the remainder when 1213028 is divided by 910.
908
What is the remainder when 11780 is divided by 1941?
134
Calculate the remainder when 55653 is divided by 6.
3
Calculate the remainder when 6463 is divided by 1112.
903
Calculate the remainder when 19927 is divided by 9952.
23
Calculate the remainder when 18769 is divided by 6219.
112
What is the remainder when 1250 is divided by 479?
292
Calculate the remainder when 1656121 is divided by 13.
12
Calculate the remainder when 27885 is divided by 70.
25
Calculate the remainder when 47921 is divided by 827.
782
Calculate the remainder when 2884 is divided by 239.
16
Calculate the remainder when 190229 is divided by 8.
5
What is the remainder when 22326 is divided by 203?
199
What is the remainder when 40666 is divided by 20242?
182
Calculate the remainder when 474 is divided by 10.
4
Calculate the remainder when 89995 is divided by 8.
3
Calculate the remainder when 45328 is divided by 143.
140
What is the remainder when 6509 is divided by 1620?
29
Calculate the remainder when 311098 is divided by 102.
100
Calculate the remainder when 95154 is divided by 310.
294
What is the remainder when 826 is divided by 199?
30
What is the remainder when 69853 is divided by 17454?
37
What is the remainder when 12760 is divided by 85?
10
What is the remainder when 796 is divided by 3?
1
Calculate the remainder when 1056778 is divided by 180.
178
Calculate the remainder when 26998 is divided by 135.
133
What is the remainder when 160268 is divided by 310?
308
Calculate the remainder when 593579 is divided by 761.
760
Calculate the remainder when 13083 is divided by 1452.
15
What is the remainder when 4096 is divided by 2038?
20
Calculate the remainder when 89868 is divided by 89803.
65
Calculate the remainder when 2031 is divided by 16.
15
Calculate the remainder when 28160 is divided by 4012.
76
What is the remainder when 4049 is divided by 253?
1
What is the remainder when 691 is divided by 121?
86
What is the remainder when 1238 is divided by 1203?
35
Calculate the remainder when 23131 is divided by 49.
3
Calculate the remainder when 10624 is divided by 3514.
82
Calculate the remainder when 3443 is divided by 82.
81
Calculate the remainder when 121277 is divided by 26.
13
Calculate the remainder when 119656 is divided by 704.
680
What is the remainder when 281595 is divided by 100?
95
Calculate the remainder when 25247 is divided by 683.
659
Calculate the remainder when 13049 is divided by 465.
29
Calculate the remainder when 2016 is divided by 1976.
40
What is the remainder when 112822 is divided by 72?
70
What is the remainder when 24773 is divided by 8?
5
Calculate the remainder when 450201 is divided by 430.
421
Calculate the remainder when 15697 is divided by 23.
11
What is the remainder when 210103 is divided by 13?
10
Calculate the remainder when 98211 is divided by 9821.
1
What is the remainder when 117724 is divided by 10702?
2
What is the remainder when 544 is divided by 53?
14
Calculate the remainder when 126708 is divided by 674.
670
What is the remainder when 621 is divided by 296?
29
Calculate the remainder when 127252 is divided by 1675.
1627
What is the remainder when 807 is divided by 399?
9
What is the remainder when 1911405 is divided by 48?
45
What is the remainder when 90734 is divided by 20?
14
Calculate the remainder when 21911 is divided by 2.
1
What is the remainder when 8792 is divided by 584?
32
What is the remainder when 902304 is divided by 113?
112
Calculate the remainder when 153970 is divided by 7698.
10
What is the remainder when 1129 is divided by 251?
125
What is the remainder when 30407 is divided by 6077?
22
What is the remainder when 60612 is divided by 117?
6
Calculate the remainder when 400566 is divided by 60.
6
What is the remainder when 1046896 is divided by 722?
718
What is the remainder when 619801 is divided by 619801?
0
What is the remainder when 7555 is divided by 1483?
140
What is the remainder when 19951 is divided by 2778?
505
Calculate the remainder when 54608 is divided by 10859.
313
Calculate the remainder when 815 is divided by 798.
17
Calculate the remainder when 120006 is divided by 192.
6
What is the remainder when 15008 is divided by 5?
3
Calculate the remainder when 431 is divided by 116.
83
Calculate the remainder when 2377 is divided by 2371.
6
What is the remainder when 35721 is divided by 2745?
36
What is the remainder when 531124 is divided by 2?
0
Calculate the remainder when 456 is divided by 75.
6
Calculate the remainder when 176951 is divided by 43.
6
What is the remainder when 33781 is divided by 103?
100
What is the remainder when 21114 is divided by 106?
20
What is the remainder when 2469084 is divided by 76?
72
Calculate the remainder when 338 is divided by 50.
38
What is the remainder when 120528 is divided by 102?
66
What is the remainder when 2108 is divided by 1044?
20
What is the remainder when 217172 is divided by 4721?
6
Calculate the remainder when 33897 is divided by 8457.
69
What is the remainder when 42903 is divided by 1398?
963
What is the remainder when 870392 is divided by 36?
20
Calculate the remainder when 174260 is divided by 137.
133
Calculate the remainder when 96160 is divided by 31.
29
What is the remainder when 144813 is divided by 8518?
7
Calculate the remainder when 829 is divided by 280.
269
What is the remainder when 1995 is divided by 251?
238
Calculate the remainder when 20061 is divided by 39.
15
Calculate the remainder when 32750 is divided by 19.
13
Calculate the remainder when 4015 is divided by 3976.
39
Calculate the remainder when 461036 is divided by 40.
36
What is the remainder when 3603 is divided by 3594?
9
What is the remainder when 280932 is divided by 45?
42
Calculate the remainder when 46877 is divided by 29.
13
What is the remainder when 13853 is divided by 2769?
8
Calculate the remainder when 1111798 is divided by 17.
15
Calculate the remainder when 27691 is divided by 543.
541
What is the remainder when 2369 is divided by 568?
97
Calculate the remainder when 4055 is divided by 372.
335
Calculate the remainder when 8667 is divided by 1064.
155
Calculate the remainder when 11361 is divided by 379.
370
Calculate the remainder when 5935 is divided by 5907.
28
What is the remainder when 3252 is divided by 361?
3
Calculate the remainder when 536268 is divided by 242.
238
What is the remainder when 24805 is divided by 27?
19
Calculate the remainder when 15836 is divided by